 = 3*h. Calculate the highest common divisor of 48 and k.
12
Let f(a) be the third derivative of a**6/120 - a**4/8 - a**3/2 - 41*a**2. Let u be f(3). Calculate the greatest common divisor of u and 105.
15
Let o be -11*168/264 - (-1 + -12). What is the greatest common divisor of o and 9606?
6
Suppose 11*r = -5*u + 8*r + 4302, 0 = -2*r + 8. Calculate the greatest common factor of u and 264.
66
Let h(f) = 0*f**3 + 64*f**2 + f**3 + 36 - 35*f**2 - 24*f - 36*f**2. Let d be h(10). What is the highest common divisor of d and 160?
32
Let i(a) = -127*a - 234. Let m be i(-2). What is the highest common divisor of m and 430?
10
Suppose 1539 = -862*q + 15331. Suppose 2*a - 7*a + 280 = 0. Calculate the highest common divisor of q and a.
8
Let j = -5942 - -6127. Calculate the greatest common factor of 777 and j.
37
Let k be (-29970)/(-75) - 2/(-5) - 1. Let o = k - 387. Let s = -7 - -139. Calculate the highest common factor of o and s.
12
Suppose -7*k - 48*k - 52855 = 0. Let n = -847 - k. Calculate the greatest common divisor of 76 and n.
38
Suppose 3*y - 37 - 59 = 0. Let r = 213 + -210. Suppose 246 = r*m - 0*m + 3*j, 5*j = 4*m - 310. Calculate the greatest common divisor of m and y.
16
Let a(h) = 2. Let s(p) = 30*p + 124. Let z(d) = -12*a(d) - s(d). Let v be z(-8). What is the greatest common divisor of 253 and v?
23
Suppose -4*u - 14*p + 3180 = -11*p, 0 = 3*u + 5*p - 2396. What is the highest common divisor of 176 and u?
88
Suppose a + 8*a - 517 - 1013 = 0. Calculate the greatest common divisor of 3162 and a.
34
Let d be -54*(1/(-1) + (-59)/177). Let t = 34 + -18. What is the greatest common factor of d and t?
8
Suppose -71*l + 67*l = 3*u - 495, u = 3*l + 178. Calculate the highest common divisor of u and 91.
13
Suppose 7*d - 2510 = 1634. Suppose 9*w - d - 416 = 0. What is the greatest common factor of w and 48?
16
Suppose 35*u - 45878 = -107*u + 29*u. What is the highest common factor of 638 and u?
58
Suppose -8*u + 13*u - 1033 = 3*k, -203 = -u - 3*k. Let q = u + -184. What is the greatest common factor of q and 22?
22
Let q be 7 - (-27)/((-864)/(-128)). Let m(r) = -47*r - 7. Let n be m(-6). Calculate the greatest common factor of n and q.
11
Let n be (-10)/(-6) + (-1550640)/(-360) + -2. What is the greatest common factor of n and 219?
73
Suppose u - p = 36 - 3, -5*p = 4*u - 87. Let z = 552 - 230. What is the greatest common factor of z and u?
14
Let f be 3/((-6)/(-20) - (-40)/(-50)) + 166. Let r = -4 + 68. What is the highest common divisor of f and r?
32
Let q(j) = -27*j**2 + 11*j - 15. Let g(i) = -i**2 + i + 2. Let m(b) = 6*g(b) - q(b). Let c be m(5). Calculate the highest common factor of c and 17.
17
Let c(f) = -16*f + 29. Suppose 9 - 31 = 2*x. Let h be c(x). Let v be -1 + h/(7 - 2). What is the greatest common divisor of v and 10?
10
Let j = -19 - -36. Suppose -j = -5*f + 13. Suppose s - f*s = -125. Calculate the highest common factor of s and 275.
25
Let q be 49/3 - (-4)/6. Let m = 186 + -150. Let r be (-3070)/(-45) + (-8)/m. What is the greatest common factor of q and r?
17
Suppose h - 21 = -2*i - 3, 2*i - 12 = 2*h. Suppose i*r - 272 = -0*r. Let n = r - 7. Calculate the highest common divisor of 3 and n.
3
Let c(o) = -2509*o**3 - 2*o**2 - 36*o - 36. Let d be c(-1). Calculate the greatest common divisor of d and 23.
23
Suppose 5*g = -3*c + 658, 6*c + 2*g - 661 = 3*c. Let m be 59 - (-28)/(-6)*3276/1911. What is the greatest common divisor of c and m?
17
Suppose 2*j + 858 = 8*j. Let x = 661 - 648. What is the highest common factor of j and x?
13
Suppose -3*t - 64 = -5*t. Suppose b = -2*b, 1438 + 50 = 3*l - b. Calculate the highest common factor of t and l.
16
Let c = -4841 - -25373. Let p be (-8)/60 + c/90. Calculate the highest common divisor of 152 and p.
76
Suppose 16881 = -4*x - 13*x. Let d = 1016 + x. Calculate the greatest common factor of 989 and d.
23
Suppose -74 - 16 = -q. Suppose -c = -5*m - 180, 2442*c - 3*m = 2439*c + 468. Calculate the greatest common divisor of q and c.
30
Let g(s) = -15*s + 10. Let r be g(3). Let c = 18 + r. Let v be -1*((-2)/c + 172/(-17)). What is the greatest common divisor of 70 and v?
10
Suppose -2*s = 4*f - 4*s - 28682, 4*f + 4*s = 28652. Calculate the greatest common factor of 56 and f.
56
Let w be 5 + 2 + 2 + -5. Suppose -p - 3*v + 53 = w, -5*v + 196 = 4*p. Calculate the greatest common factor of p and 539.
49
Let t(b) = 2*b**3 - 21*b**2 + 12*b - 17. Let j be t(10). Let h be j*-5*65/(-15). Let p = 53 - 27. What is the highest common factor of p and h?
13
Let h(u) = -207*u - 138. Let l be h(-7). What is the highest common factor of l and 69?
69
Let y be (-572)/(7 + -5) + 5. Let b = -129 - y. Calculate the greatest common divisor of b and 19.
19
Let h(u) = 84*u**3 + 2*u**2 + 3*u - 3. Let p be h(1). Let f = p - 6. Calculate the greatest common divisor of 96 and f.
16
Let a = 5356 - 5258. What is the greatest common factor of a and 1519?
49
Let b(d) = -17*d + 228. Suppose 5*z = 41*z + 432. Let k be b(z). What is the highest common divisor of 16 and k?
16
Let w(m) = 2*m**2 - 5*m + 12. Let h be w(18). Suppose -h = 16*a - 21*a. What is the greatest common divisor of 399 and a?
57
Suppose -l - l - 68 = -4*x, 3*x - 3*l - 57 = 0. Let i be (-1)/((10/x)/(1 + -35)). What is the highest common divisor of i and 3?
3
Let w(n) = n**2 + 7*n + 7. Suppose 3 = -x - 3. Let g be w(x). Suppose -56 + 35 = 5*j - 7*s, 3*j = -s + 29. What is the highest common divisor of j and g?
1
Let i(j) = 3*j**2 - 16*j + 26. Let d be i(2). Suppose u - 556 = 2*t, u - d*u = -t - 2816. What is the greatest common divisor of 12 and u?
12
Let z be 533/4 + (11/(-88))/(3/6). Calculate the greatest common divisor of 1634 and z.
19
Let b be 20/3*(0 - -3). Suppose 29*m - 2442 = 66 + 2422. Calculate the highest common divisor of b and m.
10
Suppose 0 = -12*d - 38952 + 55752. Calculate the greatest common factor of d and 2016.
56
Let g(m) = -2*m**3 + 6*m**2 + 6*m - 5. Let f be g(5). Let z = 183 + f. Let i = 369 - z. Calculate the greatest common factor of 29 and i.
29
Let j be 10/3*9/(-6) - -35. Let k(m) = -m**3 - m + 6*m**2 + 1 + 0 + 1. Let x be k(4). Calculate the greatest common factor of j and x.
30
Suppose -206*w = -98005 - 13029. Calculate the greatest common divisor of w and 343.
49
Let i(x) = -26*x + 4. Let b be i(-9). Suppose 4*u = 870 - b. Let m be 2/(-13) + u/13. Calculate the highest common divisor of 24 and m.
12
Let u(v) = 35*v**2 - 107*v - 483. Let c be u(-4). Calculate the greatest common factor of c and 4747.
101
Suppose -2*k + 32*k - 3870 = 0. Suppose -k*p + 133*p = 136. Calculate the greatest common divisor of p and 6.
2
Suppose -57*d = -627 - 114. Let g(u) = 2*u**2 - 3*u + 2. Let z be g(2). Suppose -117 = -5*h + z*h. What is the greatest common factor of h and d?
13
Let u(h) be the second derivative of h**4/12 + 11*h**3/3 + 13*h**2 + 50*h. Let t be u(-21). Calculate the highest common factor of 15 and t.
5
Suppose 0 = -2*b + 4, -l + b + 93 = -145. What is the highest common divisor of l and 432?
48
Let r = 111 - -234. Suppose -2*t + 2 = 0, w + 5*t = -4*w + 80. Calculate the greatest common divisor of r and w.
15
Let k(a) be the third derivative of a**6/120 + 7*a**5/60 - a**4/24 - 5*a**3 + 23*a**2. Let i be k(-5). Calculate the highest common divisor of 125 and i.
25
Let o(u) = u**3 + 8*u**2 + 19*u + 4. Let i be o(-4). Let w = i - -34. What is the greatest common factor of 26 and w?
26
Suppose -3*m - 3*a + 54 = 0, -3*m = -0*m + 2*a - 60. What is the greatest common factor of 726 and m?
6
Suppose 0 = 2*x - c - 9486, -5*c - 14215 = 30*x - 33*x. What is the highest common divisor of x and 1235?
65
Let l = 756 + -534. Let k be l/11 + ((-12)/(-22))/(-3). What is the highest common divisor of k and 4?
4
Let q be 5/((-175)/(-28))*(1 + -6). Let j be 20 + (2 - 2 - q). Let a = -21 + j. What is the highest common divisor of 5 and a?
1
Suppose 192 = 5*z + 172. Suppose -z*u = -1231 + 1155. Calculate the highest common divisor of 2 and u.
1
Let g(j) = j**2 - 3*j + 4. Let s be g(3). Suppose s*u - 246 = 2*u. Suppose -347 = -4*o - u. Calculate the highest common divisor of o and 14.
14
Let g = 4170 + -2116. What is the highest common factor of g and 52?
26
Let v be ((-62)/3)/((1550/93)/(-50)). Calculate the highest common divisor of 1798 and v.
62
Suppose 0